git of 1433561?
1
What is the thousands digit of 398633?
8
What is the units digit of 25820?
0
What is the units digit of 304075?
5
What is the millions digit of 20023553?
0
What is the units digit of 54093?
3
What is the thousands digit of 13922593?
2
What is the hundred thousands digit of 4008029?
0
What is the millions digit of 5169557?
5
What is the hundred thousands digit of 13898911?
8
What is the hundred thousands digit of 168768?
1
What is the hundreds digit of 234071?
0
What is the millions digit of 5107646?
5
What is the units digit of 2797559?
9
What is the ten thousands digit of 953180?
5
What is the units digit of 151269?
9
What is the hundreds digit of 4786913?
9
What is the thousands digit of 164744?
4
What is the hundred thousands digit of 683963?
6
What is the tens digit of 2774114?
1
What is the ten thousands digit of 260947?
6
What is the tens digit of 469643?
4
What is the hundreds digit of 3815450?
4
What is the millions digit of 11736136?
1
What is the hundred thousands digit of 3667487?
6
What is the hundreds digit of 3459275?
2
What is the units digit of 291784?
4
What is the ten thousands digit of 2594660?
9
What is the ten thousands digit of 429681?
2
What is the hundred thousands digit of 2504888?
5
What is the thousands digit of 991775?
1
What is the units digit of 44502?
2
What is the thousands digit of 25508382?
8
What is the millions digit of 15568426?
5
What is the ten millions digit of 11742829?
1
What is the tens digit of 11559?
5
What is the thousands digit of 140985?
0
What is the tens digit of 7973505?
0
What is the thousands digit of 623489?
3
What is the ten thousands digit of 151957?
5
What is the ten thousands digit of 33162133?
6
What is the units digit of 2028284?
4
What is the ten thousands digit of 98238?
9
What is the hundreds digit of 1566047?
0
What is the hundred thousands digit of 4853172?
8
What is the thousands digit of 409779?
9
What is the millions digit of 2417938?
2
What is the units digit of 254015?
5
What is the millions digit of 6895349?
6
What is the thousands digit of 515992?
5
What is the ten thousands digit of 53372?
5
What is the thousands digit of 1385310?
5
What is the thousands digit of 1004397?
4
What is the hundred thousands digit of 742339?
7
What is the units digit of 459984?
4
What is the tens digit of 151926?
2
What is the millions digit of 5058828?
5
What is the thousands digit of 314155?
4
What is the hundred thousands digit of 303041?
3
What is the ten thousands digit of 38109?
3
What is the hundred thousands digit of 556810?
5
What is the units digit of 32243?
3
What is the hundred thousands digit of 933571?
9
What is the hundred thousands digit of 352770?
3
What is the hundreds digit of 40293334?
3
What is the ten thousands digit of 3421967?
2
What is the ten thousands digit of 573190?
7
What is the ten thousands digit of 110939?
1
What is the tens digit of 18120?
2
What is the ten thousands digit of 773504?
7
What is the units digit of 3240882?
2
What is the ten thousands digit of 210194?
1
What is the hundred thousands digit of 31303123?
3
What is the hundred thousands digit of 1491681?
4
What is the ten thousands digit of 1899802?
9
What is the hundreds digit of 95123?
1
What is the thousands digit of 3444946?
4
What is the ten thousands digit of 245499?
4
What is the hundreds digit of 10309?
3
What is the hundreds digit of 24707?
7
What is the hundred thousands digit of 6937168?
9
What is the tens digit of 898076?
7
What is the units digit of 593103?
3
What is the ten thousands digit of 2235952?
3
What is the hundred thousands digit of 10734710?
7
What is the units digit of 527045?
5
What is the units digit of 3179696?
6
What is the hundred thousands digit of 974638?
9
What is the thousands digit of 222994?
2
What is the units digit of 10056291?
1
What is the tens digit of 7763147?
4
What is the tens digit of 6001650?
5
What is the thousands digit of 11868379?
8
What is the units digit of 738610?
0
What is the ten thousands digit of 5038462?
3
What is the millions digit of 2448422?
2
What is the units digit of 330756?
6
What is the hundred thousands digit of 33314923?
3
What is the hundreds digit of 735591?
5
What is the hundred thousands digit of 16482355?
4
What is the hundreds digit of 20423?
4
What is the hundred thousands digit of 111170?
1
What is the units digit of 266312?
2
What is the millions digit of 2632274?
2
What is the tens digit of 1202247?
4
What is the thousands digit of 136134?
6
What is the thousands digit of 1832768?
2
What is the thousands digit of 592057?
2
What is the thousands digit of 82958?
2
What is the hundreds digit of 331836?
8
What is the hundred thousands digit of 484693?
4
What is the hundred thousands digit of 849271?
8
What is the units digit of 123119?
9
What is the thousands digit of 230287?
0
What is the thousands digit of 1144236?
4
What is the units digit of 1205785?
5
What is the hundred thousands digit of 824803?
8
What is the thousands digit of 238224?
8
What is the units digit of 533120?
0
What is the tens digit of 4449213?
1
What is the thousands digit of 7359410?
9
What is the thousands digit of 354716?
4
What is the hundred thousands digit of 435553?
4
What is the thousands digit of 401766?
1
What is the units digit of 1999032?
2
What is the hundreds digit of 7229130?
1
What is the thousands digit of 25784?
5
What is the ten thousands digit of 2161490?
6
What is the thousands digit of 4177133?
7
What is the tens digit of 102695?
9
What is the hundreds digit of 2444806?
8
What is the hundred thousands digit of 1662962?
6
What is the tens digit of 336029?
2
What is the hundred thousands digit of 1491654?
4
What is the tens digit of 382187?
8
What is the hundreds digit of 1803995?
9
What is the units digit of 41125?
5
What is the hundred thousands digit of 20246806?
2
What is the ten thousands digit of 189448?
8
What is the hundred thousands digit of 882055?
8
What is the tens digit of 15767168?
6
What is the tens digit of 12235083?
8
What is the thousands digit of 209037?
9
What is the units digit of 9634091?
1
What is the ten thousands digit of 3534623?
3
What is the thousands digit of 185886?
5
What is the hundred thousands digit of 13081687?
0
What is the thousands digit of 877434?
7
What is the thousands digit of 892970?
2
What is the tens digit of 195494?
9
What is the units digit of 148792?
2
What is the millions digit of 5292960?
5
What is the millions digit of 1118844?
1
What is the units digit of 14877252?
2
What is the hundreds digit of 2605497?
4
What is the units digit of 13735019?
9
What is the hundreds digit of 6823460?
4
What is the hundreds digit of 203256?
2
What is the ten thousands digit of 88151?
8
What is the hundred thousands digit of 1095771?
0
What is the ten thousands digit of 624946?
2
What is the units digit of 127386?
6
What is the hundred thousands digit of 376668?
3
What is the thousands digit of 3634867?
4
What is the ten thousands digit of 252707?
5
What is the hundred thousands digit of 647484?
6
What is the tens digit of 10555580?
8
What is the ten thousands digit of 15051458?
5
What is the hundred thousands digit of 653451?
6
What is the units digit of 90104?
4
What is the units digit of 469619?
9
What is the thousands digit of 65485?
5
What is the thousands digit of 10919274?
9
What is the units digit of 671411?
1
What is the units digit of 282586?
6
What is the thousands digit of 499568?
9
What is the ten thousands digit of 47262?
4
What is the thousands digit of 1796976?
6
What is the hundred thousands digit of 3383935?
3
What is the hundred thousands digit of 9931470?
9
What is the units digit of 1889571?
1
What is the thousands digit of 673573?
3
What is the thousands digit of 137230?
7
What is the hundreds digit of 738537?
5
What is the hundreds digit of 5722235?
2
What is the ten thousands digit of 5003010?
0
What is the thousands digit of 3023347?
3
What is the hundreds digit of 1201246?
2
What is the units digit of 1181965?
5
What is the tens digit of 1184014?
1
What is the units digit of 896656?
6
What is the hundreds digit of 23792376?
3
What is the units digit of 6071199?
9
What is the hundred thousands digit of 530440?
5
What is the tens digit of 247628?
2
What is t